t is the greatest common factor of 1183428 and 2204343?
4167
Calculate the highest common divisor of 1186 and 475776353.
593
Calculate the highest common divisor of 38794282 and 246.
82
What is the greatest common factor of 72961438 and 43469?
2557
What is the highest common factor of 1120628 and 71374?
562
Calculate the greatest common divisor of 363 and 7714641.
33
Calculate the highest common divisor of 148293 and 53370.
9
Calculate the greatest common factor of 84 and 1350920.
4
What is the greatest common factor of 7776 and 22984056?
72
Calculate the greatest common factor of 12012 and 14.
14
Calculate the greatest common factor of 511 and 85056607.
73
Calculate the greatest common factor of 329168100 and 937.
937
What is the highest common divisor of 138288 and 446622?
402
What is the greatest common divisor of 99391236 and 7308?
2436
Calculate the greatest common factor of 32652 and 76644.
36
Calculate the greatest common factor of 237889798 and 268.
134
Calculate the greatest common factor of 59510998 and 17854.
226
What is the greatest common factor of 3 and 232954635?
3
What is the greatest common divisor of 7301167 and 1542033?
5527
Calculate the greatest common divisor of 10881 and 16524.
27
What is the greatest common factor of 25677 and 23055093?
2853
Calculate the greatest common factor of 1755 and 75327705.
135
Calculate the highest common factor of 1505055 and 556830.
4035
Calculate the highest common factor of 12091041 and 314.
157
What is the highest common divisor of 177420 and 157695?
15
What is the greatest common factor of 34 and 14639805?
17
Calculate the highest common factor of 5412649 and 77.
11
Calculate the greatest common factor of 73240753 and 1325.
53
What is the highest common divisor of 10954655 and 97605?
1205
What is the greatest common factor of 594761809 and 104968?
13121
Calculate the greatest common divisor of 3601303 and 1791.
199
What is the highest common divisor of 168 and 6653598?
42
Calculate the highest common divisor of 275535 and 1884.
471
Calculate the greatest common factor of 65137 and 3420307.
1229
What is the greatest common factor of 45073 and 164171?
329
Calculate the highest common factor of 18081 and 64329.
123
What is the highest common divisor of 17402 and 6801809?
791
What is the highest common divisor of 15119 and 373282?
13
What is the greatest common factor of 4125 and 24260500?
1375
What is the highest common divisor of 88 and 2430406?
22
Calculate the highest common divisor of 48496 and 71344.
112
What is the greatest common factor of 3569547 and 670937?
2027
Calculate the highest common factor of 2576 and 1294430984.
1288
Calculate the highest common factor of 174658 and 2018841.
5137
Calculate the greatest common divisor of 11049 and 11107293.
381
What is the greatest common factor of 166579917 and 14?
7
What is the highest common factor of 22063866 and 11?
11
What is the highest common divisor of 33115 and 23270?
895
Calculate the greatest common divisor of 40 and 511390.
10
Calculate the greatest common factor of 4619 and 555472.
149
Calculate the highest common factor of 7153551 and 112733.
1427
What is the greatest common factor of 413300 and 2325?
25
Calculate the highest common divisor of 2384 and 185984.
16
Calculate the highest common factor of 22988800 and 15200.
800
What is the highest common factor of 325152 and 10678082?
2258
Calculate the highest common divisor of 7875 and 4531548.
21
Calculate the greatest common divisor of 91648260 and 7128.
3564
Calculate the greatest common factor of 795 and 2932740.
15
What is the greatest common factor of 88 and 10837618?
22
What is the greatest common factor of 214130111 and 1703?
1703
Calculate the highest common divisor of 192 and 33023868.
12
What is the greatest common factor of 68045 and 1477925?
155
What is the greatest common divisor of 10465493 and 11673?
1297
What is the highest common divisor of 26935680 and 33?
3
Calculate the highest common divisor of 302500 and 105625.
625
What is the greatest common divisor of 28 and 904134?
14
What is the greatest common factor of 93819931 and 164?
41
What is the greatest common factor of 231489 and 56871?
801
What is the greatest common factor of 2788 and 9800126?
34
What is the greatest common divisor of 572 and 257549604?
52
What is the highest common divisor of 572068 and 8?
4
What is the greatest common divisor of 567 and 5117196?
21
What is the greatest common factor of 10379696 and 640?
16
What is the highest common divisor of 2775 and 20471175?
2775
Calculate the greatest common factor of 2222656425 and 165.
165
Calculate the highest common factor of 27853 and 584591.
161
What is the highest common divisor of 1887 and 3516036?
111
Calculate the greatest common divisor of 184797 and 4563.
9
Calculate the highest common divisor of 1056 and 176691768.
264
Calculate the greatest common divisor of 525 and 245346375.
75
What is the highest common divisor of 43559 and 1720?
43
Calculate the highest common factor of 11303127 and 1524.
381
Calculate the greatest common factor of 23 and 17083434.
23
Calculate the greatest common factor of 22340 and 85868258.
2234
Calculate the greatest common factor of 16557546 and 822.
822
What is the highest common factor of 2678479 and 3754?
1877
What is the highest common factor of 232095 and 30?
15
Calculate the greatest common divisor of 163088 and 3184.
16
What is the greatest common divisor of 30 and 1784472?
6
What is the greatest common divisor of 29664 and 82812?
1236
Calculate the highest common factor of 2 and 509471630.
2
Calculate the highest common divisor of 319440 and 211024.
1936
What is the greatest common factor of 340 and 17797460?
20
Calculate the greatest common divisor of 1008 and 166976019.
63
What is the highest common factor of 12176333 and 956?
239
Calculate the greatest common factor of 470675 and 1068985.
335
Calculate the highest common divisor of 5192654 and 658.
94
What is the highest common divisor of 2664 and 5266062?
666
What is the highest common divisor of 53520 and 2928?
48
Calculate the highest common factor of 5984 and 66924.
44
What is the highest common divisor of 6185641 and 2541?
847
Calculate the highest common factor of 822336 and 534.
6
Calculate the highest common divisor of 883636 and 2452.
4
What is the greatest common factor of 9833534 and 1516?
758
Calculate the greatest common factor of 5928816 and 336.
48
What is the greatest common factor of 255750 and 147750?
750
Calculate the greatest common divisor of 30719136 and 119.
119
What is the highest common divisor of 10633 and 255006?
31
What is the highest common divisor of 13182955 and 106?
53
What is the highest common divisor of 1418396 and 652598?
566
What is the highest common divisor of 114359153 and 34?
17
What is the highest common divisor of 29789457 and 8544?
267
Calculate the greatest common factor of 4 and 263593956.
4
Calculate the highest common divisor of 3902000 and 47875.
125
Calculate the highest common factor of 22126 and 9068670.
598
What is the highest common divisor of 40176 and 492342?
186
What is the greatest common divisor of 831741649 and 61?
61
Calculate the greatest common divisor of 292714 and 11400.
38
What is the highest common factor of 309 and 8141944?
103
Calculate the greatest common divisor of 9657675 and 7200.
225
What is the highest common factor of 8 and 642472?
8
What is the greatest common factor of 1717263300 and 24?
12
What is the highest common divisor of 139720294 and 84?
14
What is the highest common divisor of 10818 and 1984502?
1202
Calculate the highest common divisor of 1033260630 and 10.
10
What is the greatest common divisor of 37476854 and 722?
722
What is the greatest common divisor of 5626 and 341736?
58
Calculate the greatest common factor of 6390 and 78953775.
1065
What is the greatest common divisor of 2391152 and 425?
17
What is the highest common divisor of 325934 and 542066?
434
What is the greatest common factor of 9353 and 1517773?
199
Calculate the highest common divisor of 371052 and 429.
33
What is the greatest common divisor of 10707912 and 360?
72
Calculate the highest common divisor of 9975 and 109950435.
1995
Calculate the highest common divisor of 311253 and 62107.
3